{"id":423,"date":"2020-06-08T13:35:50","date_gmt":"2020-06-08T11:35:50","guid":{"rendered":"http:\/\/novy.vlkproject.cz\/?page_id=423"},"modified":"2022-09-07T13:25:11","modified_gmt":"2022-09-07T11:25:11","slug":"iglandnavijaky","status":"publish","type":"page","link":"http:\/\/novy.vlkproject.cz\/?page_id=423","title":{"rendered":"Navij\u00e1ky IGLAND"},"content":{"rendered":"<p>Navij\u00e1ky IGLAND<\/p>\n<p>&nbsp;<\/p>\n<p>Jednobubnov\u00e9 navij\u00e1ky ur\u010den\u00e9 pro 3-bodov\u00fd z\u00e1v\u011bs traktoru, aktu\u00e1ln\u00ed modelov\u00e1 \u0159ada<\/p>\n<table style=\"width: 102.466%; border-collapse: collapse; height: 619px;\">\n<caption class=\"malytext\"><center><i>Kliknut\u00edm na model zobraz\u00edte v\u00edce informac\u00ed<\/i><\/center><\/caption>\n<tbody>\n<tr style=\"height: 81px;\">\n<td style=\"width: 10%; height: 146px;\" rowspan=\"2\"><span style=\"font-size: 8pt;\">Typ navij\u00e1ku<\/span><\/td>\n<td style=\"width: 11.8146%; height: 146px;\" rowspan=\"2\"><span style=\"font-size: 8pt;\">Maxim\u00e1ln\u00ed ta\u017en\u00e1 s\u00edla<\/span><br \/>\n<span style=\"font-size: 8pt;\">t \/ kN<\/span><\/td>\n<td style=\"width: 7.071%; height: 146px;\" rowspan=\"2\"><span style=\"font-size: 8pt;\">Brzdn\u00e1 s\u00edla<\/span><\/p>\n<p><span style=\"font-size: 8pt;\">t \/ kN<\/span><\/td>\n<td style=\"width: 11.1144%; height: 146px;\" rowspan=\"2\"><span style=\"font-size: 8pt;\">Po\u017eadovan\u00fd v\u00fdkon traktoru<\/span><\/p>\n<p><span style=\"font-size: 8pt;\">kW \/ PS(kon\u00ed)<\/span><\/td>\n<td style=\"height: 81px;\" colspan=\"3\"><span style=\"font-size: 8pt;\">Rozm\u011bry navij\u00e1ku<\/span><\/p>\n<p><span style=\"font-size: 8pt;\">cm<\/span><\/td>\n<td style=\"width: 5%; height: 146px;\" rowspan=\"2\"><span style=\"font-size: 8pt;\">Hmotnost bez lana<\/span><\/p>\n<p><span style=\"font-size: 8pt;\">kg<\/span><\/td>\n<td style=\"width: 5%; height: 146px;\" rowspan=\"2\"><span style=\"font-size: 8pt;\">Standartn\u00ed ovl\u00e1d\u00e1n\u00ed<\/span><\/td>\n<td style=\"width: 10%; height: 146px;\" rowspan=\"2\"><span style=\"font-size: 8pt;\">Voliteln\u00e9 vol\u00e1d\u00e1n\u00ed<\/span><\/td>\n<\/tr>\n<tr style=\"height: 65px;\">\n<td style=\"width: 2.5%; height: 65px;\"><span style=\"font-size: 8pt;\">v\u00fd\u0161ka<\/span><\/td>\n<td style=\"width: 2.5%; height: 65px;\"><span style=\"font-size: 8pt;\">\u0161\u00ed\u0159ka<\/span><\/td>\n<td style=\"width: 5%; height: 65px;\"><span style=\"font-size: 8pt;\">hloubka<\/span><\/td>\n<\/tr>\n<tr style=\"height: 65px;\">\n<td style=\"width: 10%; height: 65px;\"><a href=\"http:\/\/novy.vlkproject.cz\/?page_id=429\"><span style=\"font-size: 8pt;\">42<\/span><\/a><\/td>\n<td style=\"width: 11.8146%; height: 65px;\"><span style=\"font-size: 8pt;\">4,2 \/ 42<\/span><\/td>\n<td style=\"width: 7.071%; height: 65px;\"><span style=\"font-size: 8pt;\">z\u00e1padka<\/span><\/td>\n<td style=\"width: 11.1144%; height: 65px;\"><span style=\"font-size: 8pt;\">30 &#8211; 52 \/ 40 &#8211; 70<\/span><\/td>\n<td style=\"width: 2.5%; height: 65px;\"><span style=\"font-size: 8pt;\">131<\/span><\/td>\n<td style=\"width: 2.5%; height: 65px;\"><span style=\"font-size: 8pt;\">144<\/span><\/td>\n<td style=\"width: 5%; height: 65px;\"><span style=\"font-size: 8pt;\">46<\/span><\/td>\n<td style=\"width: 5%; height: 65px;\"><span style=\"font-size: 8pt;\">226<\/span><\/td>\n<td style=\"width: 5%; height: 65px;\"><span style=\"font-size: 8pt;\">mechanick\u00e9<\/span><\/td>\n<td style=\"width: 10%; height: 65px;\"><span style=\"font-size: 8pt;\">elektro-hydraulick\u00e9, radiov\u00e9<\/span><\/td>\n<\/tr>\n<tr style=\"height: 65px;\">\n<td style=\"width: 10%; height: 65px;\"><span style=\"font-size: 8pt;\">42S<\/span><\/td>\n<td style=\"width: 11.8146%; height: 65px;\"><span style=\"font-size: 8pt;\">4,2 \/ 42<\/span><\/td>\n<td style=\"width: 7.071%; height: 65px;\"><span style=\"font-size: 8pt;\">5,25 \/ 52,5<\/span><\/td>\n<td style=\"width: 11.1144%; height: 65px;\"><span style=\"font-size: 8pt;\">30 &#8211; 52 \/ 40 &#8211; 70<\/span><\/td>\n<td style=\"width: 2.5%; height: 65px;\"><span style=\"font-size: 8pt;\">131<\/span><\/td>\n<td style=\"width: 2.5%; height: 65px;\"><span style=\"font-size: 8pt;\">144<\/span><\/td>\n<td style=\"width: 5%; height: 65px;\"><span style=\"font-size: 8pt;\">46<\/span><\/td>\n<td style=\"width: 5%; height: 65px;\"><span style=\"font-size: 8pt;\">235<\/span><\/td>\n<td style=\"width: 5%; height: 65px;\"><span style=\"font-size: 8pt;\">mechanick\u00e9<\/span><\/td>\n<td style=\"width: 10%; height: 65px;\"><span style=\"font-size: 8pt;\">elektro-hydraulick\u00e9, radiov\u00e9<\/span><\/td>\n<\/tr>\n<tr style=\"height: 65px;\">\n<td style=\"width: 10%; height: 65px;\"><span style=\"font-size: 8pt;\">5001<\/span><\/td>\n<td style=\"width: 11.8146%; height: 65px;\"><span style=\"font-size: 8pt;\">5 \/ 50<\/span><\/td>\n<td style=\"width: 7.071%; height: 65px;\"><span style=\"font-size: 8pt;\">z\u00e1padka<\/span><\/td>\n<td style=\"width: 11.1144%; height: 65px;\"><span style=\"font-size: 8pt;\">37 &#8211; 60 \/ 50 &#8211; 80<\/span><\/td>\n<td style=\"width: 2.5%; height: 65px;\"><span style=\"font-size: 8pt;\">148<\/span><\/td>\n<td style=\"width: 2.5%; height: 65px;\"><span style=\"font-size: 8pt;\">150<\/span><\/td>\n<td style=\"width: 5%; height: 65px;\"><span style=\"font-size: 8pt;\">46<\/span><\/td>\n<td style=\"width: 5%; height: 65px;\"><span style=\"font-size: 8pt;\">285<\/span><\/td>\n<td style=\"width: 5%; height: 65px;\"><span style=\"font-size: 8pt;\">mechanick\u00e9<\/span><\/td>\n<td style=\"width: 10%; height: 65px;\"><span style=\"font-size: 8pt;\">elektro-hydraulick\u00e9, radiov\u00e9<\/span><\/td>\n<\/tr>\n<tr style=\"height: 87px;\">\n<td style=\"width: 10%; height: 87px;\"><span style=\"font-size: 8pt;\">55A<\/span><\/td>\n<td style=\"width: 11.8146%; height: 87px;\"><span style=\"font-size: 8pt;\">5,5 \/ 55<\/span><\/td>\n<td style=\"width: 7.071%; height: 87px;\"><span style=\"font-size: 8pt;\">6,88 \/ 68,75<\/span><\/td>\n<td style=\"width: 11.1144%; height: 87px;\"><span style=\"font-size: 8pt;\">45 &#8211; 69 \/ 60 &#8211; 95<\/span><\/td>\n<td style=\"width: 2.5%; height: 87px;\"><span style=\"font-size: 8pt;\">160<\/span><\/td>\n<td style=\"width: 2.5%; height: 87px;\"><span style=\"font-size: 8pt;\">150<\/span><\/td>\n<td style=\"width: 5%; height: 87px;\"><span style=\"font-size: 8pt;\">58<\/span><\/td>\n<td style=\"width: 5%; height: 87px;\"><span style=\"font-size: 8pt;\">310<\/span><\/td>\n<td style=\"width: 5%; height: 87px;\"><span style=\"font-size: 8pt;\">mechanick\u00e9<\/span><\/td>\n<td style=\"width: 10%; height: 87px;\"><span style=\"font-size: 8pt;\">elektro-hydraulick\u00e9, radiov\u00e9<\/span><\/td>\n<\/tr>\n<tr style=\"height: 87px;\">\n<td style=\"width: 10%; height: 87px;\"><span style=\"font-size: 8pt;\">60<\/span><\/td>\n<td style=\"width: 11.8146%; height: 87px;\"><span style=\"font-size: 8pt;\">6 \/ 60<\/span><\/td>\n<td style=\"width: 7.071%; height: 87px;\"><span style=\"font-size: 8pt;\">7,5 \/ 75<\/span><\/td>\n<td style=\"width: 11.1144%; height: 87px;\"><span style=\"font-size: 8pt;\">45 &#8211; 75 \/ 60 &#8211; 100<\/span><\/td>\n<td style=\"width: 2.5%; height: 87px;\"><span style=\"font-size: 8pt;\">207<\/span><\/td>\n<td style=\"width: 2.5%; height: 87px;\"><span style=\"font-size: 8pt;\">173<\/span><\/td>\n<td style=\"width: 5%; height: 87px;\"><span style=\"font-size: 8pt;\">70<\/span><\/td>\n<td style=\"width: 5%; height: 87px;\"><span style=\"font-size: 8pt;\">390<\/span><\/td>\n<td style=\"width: 5%; height: 87px;\"><span style=\"font-size: 8pt;\">mechanick\u00e9<\/span><\/td>\n<td style=\"width: 10%; height: 87px;\"><span style=\"font-size: 8pt;\">elektro-hydraulick\u00e9, radiov\u00e9<\/span><\/td>\n<\/tr>\n<tr style=\"height: 43px;\">\n<td style=\"width: 10%; height: 43px;\"><span style=\"font-size: 8pt;\">65H<\/span><\/td>\n<td style=\"width: 11.8146%; height: 43px;\"><span style=\"font-size: 8pt;\">6,5 \/ 65<\/span><\/td>\n<td style=\"width: 7.071%; height: 43px;\"><span style=\"font-size: 8pt;\">8,1 \/ 81<\/span><\/td>\n<td style=\"width: 11.1144%; height: 43px;\"><span style=\"font-size: 8pt;\">45 &#8211; 90 \/ 60 &#8211; 120<\/span><\/td>\n<td style=\"width: 2.5%; height: 43px;\"><span style=\"font-size: 8pt;\">215<\/span><\/td>\n<td style=\"width: 2.5%; height: 43px;\"><span style=\"font-size: 8pt;\">195<\/span><\/td>\n<td style=\"width: 5%; height: 43px;\"><span style=\"font-size: 8pt;\">82<\/span><\/td>\n<td style=\"width: 5%; height: 43px;\"><span style=\"font-size: 8pt;\">615<\/span><\/td>\n<td style=\"width: 5%; height: 43px;\"><span style=\"font-size: 8pt;\">elektro-hydraulick\u00e9<\/span><\/td>\n<td style=\"width: 10%; height: 43px;\"><span style=\"font-size: 8pt;\">radiov\u00e9<\/span><\/td>\n<\/tr>\n<tr style=\"height: 43px;\">\n<td style=\"width: 10%; height: 43px;\"><span style=\"font-size: 8pt;\">85H<\/span><\/td>\n<td style=\"width: 11.8146%; height: 43px;\"><span style=\"font-size: 8pt;\">8,5 \/ 85<\/span><\/td>\n<td style=\"width: 7.071%; height: 43px;\"><span style=\"font-size: 8pt;\">10,6 \/ 106<\/span><\/td>\n<td style=\"width: 11.1144%; height: 43px;\"><span style=\"font-size: 8pt;\">66 &#8211; 103 \/ 90 &#8211; 140<\/span><\/td>\n<td style=\"width: 2.5%; height: 43px;\"><span style=\"font-size: 8pt;\">230<\/span><\/td>\n<td style=\"width: 2.5%; height: 43px;\"><span style=\"font-size: 8pt;\">206<\/span><\/td>\n<td style=\"width: 5%; height: 43px;\"><span style=\"font-size: 8pt;\">80<\/span><\/td>\n<td style=\"width: 5%; height: 43px;\"><span style=\"font-size: 8pt;\">880<\/span><\/td>\n<td style=\"width: 5%; height: 43px;\"><span style=\"font-size: 8pt;\">elektro-hydrailick\u00e9<\/span><\/td>\n<td style=\"width: 10%; height: 43px;\"><span style=\"font-size: 8pt;\">radiov\u00e9<\/span><\/td>\n<\/tr>\n<\/tbody>\n<\/table>\n<hr>\n<p>Dvoububnov\u00e9 navij\u00e1ky pro 3-bodov\u00fd z\u00e1v\u011bs traktoru, aktu\u00e1ln\u00ed modelov\u00e1 \u0159ada<\/p>\n<table style=\"width: 102.466%; border-collapse: collapse; height: 619px;\">\n<caption class=\"malytext\"><center><i>Kliknut\u00edm na model zobraz\u00edte v\u00edce informac\u00ed<\/i><\/center><\/caption>\n<tbody>\n<tr style=\"height: 81px;\">\n<td style=\"width: 10%; height: 146px;\" rowspan=\"2\"><span style=\"font-size: 8pt;\">Typ navij\u00e1ku<\/span><\/td>\n<td style=\"width: 11.8146%; height: 146px;\" rowspan=\"2\"><span style=\"font-size: 8pt;\">Maxim\u00e1ln\u00ed ta\u017en\u00e1 s\u00edla<\/span><br \/>\n<span style=\"font-size: 8pt;\">t \/ kN<\/span><\/td>\n<td style=\"width: 7.071%; height: 146px;\" rowspan=\"2\"><span style=\"font-size: 8pt;\">Brzdn\u00e1 s\u00edla<\/span><\/p>\n<p><span style=\"font-size: 8pt;\">t \/ kN<\/span><\/td>\n<td style=\"width: 11.1144%; height: 146px;\" rowspan=\"2\"><span style=\"font-size: 8pt;\">Po\u017eadovan\u00fd v\u00fdkon traktoru<\/span><\/p>\n<p><span style=\"font-size: 8pt;\">kW \/ PS(kon\u00ed)<\/span><\/td>\n<td style=\"height: 81px;\" colspan=\"3\"><span style=\"font-size: 8pt;\">Rozm\u011bry navij\u00e1ku<\/span><\/p>\n<p><span style=\"font-size: 8pt;\">cm<\/span><\/td>\n<td style=\"width: 5%; height: 146px;\" rowspan=\"2\"><span style=\"font-size: 8pt;\">Hmotnost bez lana<\/span><\/p>\n<p><span style=\"font-size: 8pt;\">kg<\/span><\/td>\n<td style=\"width: 5%; height: 146px;\" rowspan=\"2\"><span style=\"font-size: 8pt;\">Standartn\u00ed ovl\u00e1d\u00e1n\u00ed<\/span><\/td>\n<td style=\"width: 10%; height: 146px;\" rowspan=\"2\"><span style=\"font-size: 8pt;\">Voliteln\u00e9 vol\u00e1d\u00e1n\u00ed<\/span><\/td>\n<\/tr>\n<tr style=\"height: 65px;\">\n<td style=\"width: 2.5%; height: 65px;\"><span style=\"font-size: 8pt;\">v\u00fd\u0161ka<\/span><\/td>\n<td style=\"width: 2.5%; height: 65px;\"><span style=\"font-size: 8pt;\">\u0161\u00ed\u0159ka<\/span><\/td>\n<td style=\"width: 5%; height: 65px;\"><span style=\"font-size: 8pt;\">hloubka<\/span><\/td>\n<\/tr>\n<tr style=\"height: 65px;\">\n<td style=\"width: 10%; height: 65px;\"><span style=\"font-size: 8pt;\">5002 Pento TL<\/span><\/td>\n<td style=\"width: 11.8146%; height: 65px;\"><span style=\"font-size: 8pt;\">5 \/ 50<\/span><\/td>\n<td style=\"width: 7.071%; height: 65px;\"><span style=\"font-size: 8pt;\">6,3 \/ 62,5<\/span><\/td>\n<td style=\"width: 11.1144%; height: 65px;\"><span style=\"font-size: 8pt;\">52 &#8211; 81 \/ 70 &#8211; 110<\/span><\/td>\n<td style=\"width: 2.5%; height: 65px;\"><span style=\"font-size: 8pt;\">161<\/span><\/td>\n<td style=\"width: 2.5%; height: 65px;\"><span style=\"font-size: 8pt;\">205<\/span><\/td>\n<td style=\"width: 5%; height: 65px;\"><span style=\"font-size: 8pt;\">93<\/span><\/td>\n<td style=\"width: 5%; height: 65px;\"><span style=\"font-size: 8pt;\">683<\/span><\/td>\n<td style=\"width: 5%; height: 65px;\"><span style=\"font-size: 8pt;\">elektro-hydraulick\u00e9<\/span><\/td>\n<td style=\"width: 10%; height: 65px;\"><span style=\"font-size: 8pt;\">d\u00e1lkov\u00e9 radiov\u00e9<\/span><\/td>\n<\/tr>\n<tr style=\"height: 65px;\">\n<td style=\"width: 10%; height: 65px;\"><span style=\"font-size: 8pt;\">6002 Pronto TL<\/span><\/td>\n<td style=\"width: 11.8146%; height: 65px;\"><span style=\"font-size: 8pt;\">6 \/ 60<\/span><\/td>\n<td style=\"width: 7.071%; height: 65px;\"><span style=\"font-size: 8pt;\">7,5 \/ 75<\/span><\/td>\n<td style=\"width: 11.1144%; height: 65px;\"><span style=\"font-size: 8pt;\">52 &#8211; 88 \/ 70 &#8211; 120<\/span><\/td>\n<td style=\"width: 2.5%; height: 65px;\"><span style=\"font-size: 8pt;\">185<\/span><\/td>\n<td style=\"width: 2.5%; height: 65px;\"><span style=\"font-size: 8pt;\">220<\/span><\/td>\n<td style=\"width: 5%; height: 65px;\">&nbsp;<\/td>\n<td style=\"width: 5%; height: 65px;\"><span style=\"font-size: 8pt;\">838<\/span><\/td>\n<td style=\"width: 5%; height: 65px;\"><span style=\"font-size: 8pt;\">elektro-hydraulick\u00e9<\/span><\/td>\n<td style=\"width: 10%; height: 65px;\"><span style=\"font-size: 8pt;\">d\u00e1lkov\u00e9 radiov\u00e9<\/span><\/td>\n<\/tr>\n<tr style=\"height: 65px;\">\n<td style=\"width: 10%; height: 65px;\"><span style=\"font-size: 8pt;\">9002 Maxo TL<\/span><\/td>\n<td style=\"width: 11.8146%; height: 65px;\"><span style=\"font-size: 8pt;\">9 \/ 90<\/span><\/td>\n<td style=\"width: 7.071%; height: 65px;\"><span style=\"font-size: 8pt;\">11,3 \/ 112,5<\/span><\/td>\n<td style=\"width: 11.1144%; height: 65px;\"><span style=\"font-size: 8pt;\">od 59 \/ 80<\/span><\/td>\n<td style=\"width: 2.5%; height: 65px;\"><span style=\"font-size: 8pt;\">185<\/span><\/td>\n<td style=\"width: 2.5%; height: 65px;\"><span style=\"font-size: 8pt;\">220<\/span><\/td>\n<td style=\"width: 5%; height: 65px;\">&nbsp;<\/td>\n<td style=\"width: 5%; height: 65px;\"><span style=\"font-size: 8pt;\">877<\/span><\/td>\n<td style=\"width: 5%; height: 65px;\"><span style=\"font-size: 8pt;\">elektro-hydraulick\u00e9<\/span><\/td>\n<td style=\"width: 10%; height: 65px;\"><span style=\"font-size: 8pt;\">d\u00e1lkov\u00e9 radiov\u00e9<\/span><\/td>\n<\/tr>\n<\/tbody>\n<\/table>\n<hr>\n<p>Dvoububnov\u00e9 navij\u00e1ky pro pevnou mont\u00e1\u017e, tzv. &#8222;hlavy&#8220;, aktu\u00e1ln\u00ed modelov\u00e1 \u0159ada<\/p>\n<table style=\"width: 102.466%; border-collapse: collapse; height: 619px;\">\n<caption class=\"malytext\"><center><i>Kliknut\u00edm na model zobraz\u00edte v\u00edce informac\u00ed<\/i><\/center><\/caption>\n<tbody>\n<tr style=\"height: 81px;\">\n<td style=\"width: 10%; height: 146px;\" rowspan=\"2\"><span style=\"font-size: 8pt;\">Typ navij\u00e1ku<\/span><\/td>\n<td style=\"width: 11.8146%; height: 146px;\" rowspan=\"2\"><span style=\"font-size: 8pt;\">Maxim\u00e1ln\u00ed ta\u017en\u00e1 s\u00edla<\/span><br \/>\n<span style=\"font-size: 8pt;\">t \/ kN<\/span><\/td>\n<td style=\"width: 7.071%; height: 146px;\" rowspan=\"2\"><span style=\"font-size: 8pt;\">Brzdn\u00e1 s\u00edla<\/span><\/p>\n<p><span style=\"font-size: 8pt;\">t \/ kN<\/span><\/td>\n<td style=\"width: 11.1144%; height: 146px;\" rowspan=\"2\"><span style=\"font-size: 8pt;\">Po\u017eadovan\u00fd v\u00fdkon traktoru<\/span><\/p>\n<p><span style=\"font-size: 8pt;\">kW \/ PS(kon\u00ed)<\/span><\/td>\n<td style=\"height: 81px;\" colspan=\"3\"><span style=\"font-size: 8pt;\">Rozm\u011bry navij\u00e1ku<\/span><\/p>\n<p><span style=\"font-size: 8pt;\">cm<\/span><\/td>\n<td style=\"width: 5%; height: 146px;\" rowspan=\"2\"><span style=\"font-size: 8pt;\">Hmotnost bez lana<\/span><\/p>\n<p><span style=\"font-size: 8pt;\">kg<\/span><\/td>\n<td style=\"width: 5%; height: 146px;\" rowspan=\"2\"><span style=\"font-size: 8pt;\">Standartn\u00ed ovl\u00e1d\u00e1n\u00ed<\/span><\/td>\n<td style=\"width: 10%; height: 146px;\" rowspan=\"2\"><span style=\"font-size: 8pt;\">Voliteln\u00e9 vol\u00e1d\u00e1n\u00ed<\/span><\/td>\n<\/tr>\n<tr style=\"height: 65px;\">\n<td style=\"width: 2.5%; height: 65px;\"><span style=\"font-size: 8pt;\">v\u00fd\u0161ka<\/span><\/td>\n<td style=\"width: 2.5%; height: 65px;\"><span style=\"font-size: 8pt;\">\u0161\u00ed\u0159ka<\/span><\/td>\n<td style=\"width: 5%; height: 65px;\"><span style=\"font-size: 8pt;\">hloubka<\/span><\/td>\n<\/tr>\n<tr style=\"height: 65px;\">\n<td style=\"width: 10%; height: 65px;\"><span style=\"font-size: 8pt;\">5002 Pento<\/span><\/td>\n<td style=\"width: 11.8146%; height: 65px;\"><span style=\"font-size: 8pt;\">5 \/ 50<\/span><\/td>\n<td style=\"width: 7.071%; height: 65px;\"><span style=\"font-size: 8pt;\">6,3 \/ 62,5<\/span><\/td>\n<td style=\"width: 11.1144%; height: 65px;\"><span style=\"font-size: 8pt;\">52 &#8211; 81 \/ 70 &#8211; 110<\/span><\/td>\n<td style=\"width: 2.5%; height: 65px;\"><span style=\"font-size: 8pt;\">74<\/span><\/td>\n<td style=\"width: 2.5%; height: 65px;\"><span style=\"font-size: 8pt;\">85<\/span><\/td>\n<td style=\"width: 5%; height: 65px;\"><span style=\"font-size: 8pt;\">50<\/span><\/td>\n<td style=\"width: 5%; height: 65px;\"><span style=\"font-size: 8pt;\">347<\/span><\/td>\n<td style=\"width: 5%; height: 65px;\"><span style=\"font-size: 8pt;\">elektro-hydraulick\u00e9<\/span><\/td>\n<td style=\"width: 10%; height: 65px;\"><span style=\"font-size: 8pt;\">d\u00e1lkov\u00e9 radiov\u00e9<\/span><\/td>\n<\/tr>\n<tr style=\"height: 65px;\">\n<td style=\"width: 10%; height: 65px;\"><span style=\"font-size: 8pt;\">6002 Pronto<\/span><\/td>\n<td style=\"width: 11.8146%; height: 65px;\"><span style=\"font-size: 8pt;\">6 \/ 60<\/span><\/td>\n<td style=\"width: 7.071%; height: 65px;\"><span style=\"font-size: 8pt;\">7,5 \/ 75<\/span><\/td>\n<td style=\"width: 11.1144%; height: 65px;\"><span style=\"font-size: 8pt;\">52 &#8211; 88 \/ 70 &#8211; 120<\/span><\/td>\n<td style=\"width: 2.5%; height: 65px;\"><span style=\"font-size: 8pt;\">76<\/span><\/td>\n<td style=\"width: 2.5%; height: 65px;\"><span style=\"font-size: 8pt;\">85<\/span><\/td>\n<td style=\"width: 5%; height: 65px;\"><span style=\"font-size: 8pt;\">58<\/span><\/td>\n<td style=\"width: 5%; height: 65px;\"><span style=\"font-size: 8pt;\">358<\/span><\/td>\n<td style=\"width: 5%; height: 65px;\"><span style=\"font-size: 8pt;\">elektro-hydraulick\u00e9<\/span><\/td>\n<td style=\"width: 10%; height: 65px;\"><span style=\"font-size: 8pt;\">d\u00e1lkov\u00e9 radiov\u00e9<\/span><\/td>\n<\/tr>\n<tr style=\"height: 65px;\">\n<td style=\"width: 10%; height: 65px;\"><span style=\"font-size: 8pt;\">9002 Maxo<\/span><\/td>\n<td style=\"width: 11.8146%; height: 65px;\"><span style=\"font-size: 8pt;\">9 \/ 90<\/span><\/td>\n<td style=\"width: 7.071%; height: 65px;\"><span style=\"font-size: 8pt;\">11,3 \/ 112,5<\/span><\/td>\n<td style=\"width: 11.1144%; height: 65px;\"><span style=\"font-size: 8pt;\">od 59 \/ 80<\/span><\/td>\n<td style=\"width: 2.5%; height: 65px;\"><span style=\"font-size: 8pt;\">82<\/span><\/td>\n<td style=\"width: 2.5%; height: 65px;\"><span style=\"font-size: 8pt;\">92<\/span><\/td>\n<td style=\"width: 5%; height: 65px;\"><span style=\"font-size: 8pt;\">61<\/span><\/td>\n<td style=\"width: 5%; height: 65px;\"><span style=\"font-size: 8pt;\">408<\/span><\/td>\n<td style=\"width: 5%; height: 65px;\"><span style=\"font-size: 8pt;\">elektro-hydraulick\u00e9<\/span><\/td>\n<td style=\"width: 10%; height: 65px;\"><span style=\"font-size: 8pt;\">d\u00e1lkov\u00e9 radiov\u00e9<\/span><\/td>\n<\/tr>\n<\/tbody>\n<\/table>\n<p>&nbsp;<\/p>\n","protected":false},"excerpt":{"rendered":"<p>Navij\u00e1ky IGLAND &nbsp; Jednobubnov\u00e9 navij\u00e1ky ur\u010den\u00e9 pro 3-bodov\u00fd z\u00e1v\u011bs traktoru, aktu\u00e1ln\u00ed modelov\u00e1 \u0159ada Kliknut\u00edm na model zobraz\u00edte v\u00edce informac\u00ed Typ navij\u00e1ku Maxim\u00e1ln\u00ed ta\u017en\u00e1 s\u00edla t \/ kN Brzdn\u00e1 s\u00edla t \/ kN Po\u017eadovan\u00fd v\u00fdkon traktoru kW \/ PS(kon\u00ed) Rozm\u011bry navij\u00e1ku [&hellip;]<\/p>\n","protected":false},"author":2,"featured_media":0,"parent":255,"menu_order":10,"comment_status":"closed","ping_status":"closed","template":"","meta":{"ngg_post_thumbnail":0,"footnotes":""},"class_list":["post-423","page","type-page","status-publish","hentry"],"_links":{"self":[{"href":"http:\/\/novy.vlkproject.cz\/index.php?rest_route=\/wp\/v2\/pages\/423","targetHints":{"allow":["GET"]}}],"collection":[{"href":"http:\/\/novy.vlkproject.cz\/index.php?rest_route=\/wp\/v2\/pages"}],"about":[{"href":"http:\/\/novy.vlkproject.cz\/index.php?rest_route=\/wp\/v2\/types\/page"}],"author":[{"embeddable":true,"href":"http:\/\/novy.vlkproject.cz\/index.php?rest_route=\/wp\/v2\/users\/2"}],"replies":[{"embeddable":true,"href":"http:\/\/novy.vlkproject.cz\/index.php?rest_route=%2Fwp%2Fv2%2Fcomments&post=423"}],"version-history":[{"count":11,"href":"http:\/\/novy.vlkproject.cz\/index.php?rest_route=\/wp\/v2\/pages\/423\/revisions"}],"predecessor-version":[{"id":474,"href":"http:\/\/novy.vlkproject.cz\/index.php?rest_route=\/wp\/v2\/pages\/423\/revisions\/474"}],"up":[{"embeddable":true,"href":"http:\/\/novy.vlkproject.cz\/index.php?rest_route=\/wp\/v2\/pages\/255"}],"wp:attachment":[{"href":"http:\/\/novy.vlkproject.cz\/index.php?rest_route=%2Fwp%2Fv2%2Fmedia&parent=423"}],"curies":[{"name":"wp","href":"https:\/\/api.w.org\/{rel}","templated":true}]}}