{"id":210,"date":"2020-05-15T14:29:15","date_gmt":"2020-05-15T12:29:15","guid":{"rendered":"http:\/\/novy.vlkproject.cz\/?page_id=210"},"modified":"2020-05-18T21:21:33","modified_gmt":"2020-05-18T19:21:33","slug":"chameleon","status":"publish","type":"page","link":"https:\/\/novy.vlkproject.cz\/?page_id=210","title":{"rendered":"Chameleon"},"content":{"rendered":"<p>Stroj pro lesn\u00ed \u0161kolky Chameleon (typ CHAM-2) je v z\u00e1kladn\u00edm proveden\u00ed ur\u010den k horizont\u00e1ln\u00edmu biologick\u00e9mu pod\u0159ez\u00e1v\u00e1n\u00ed ko\u0159enov\u00e9ho syst\u00e9mu semen\u00e1\u010dk\u016f a k podor\u00e1n\u00ed a uvoln\u011bn\u00ed sazenic p\u0159i jejich sklizni. Z\u00e1kladn\u00ed proveden\u00ed stroje Chameleon je mo\u017en\u00e9 stavebnicov\u011b doplnit o dva typy adapter\u016f pro vertik\u00e1ln\u00ed od\u0159ez\u00e1v\u00e1n\u00ed ko\u0159enov\u00e9ho syst\u00e9mu semen\u00e1\u010dk\u016f za \u00fa\u010delem zv\u00fd\u0161en\u00ed jejich biologick\u00e9 hodnoty, adapter pro \u00fapln\u00e9 vyt\u0159\u00e1s\u00e1n\u00ed ko\u0159enov\u00e9ho syst\u00e9mu semen\u00e1\u010dk\u016f a sazenic p\u0159i jejich sklizni, prutov\u00fd adapter pro kyp\u0159en\u00ed p\u016fdy a rota\u010dn\u00ed plec\u00ed a kyp\u0159\u00edc\u00ed adapter. Pracovn\u00ed rychlost stroje p\u0159ibli\u017en\u011b 1 \u2013 2,5 <sup>km<\/sup>\/<sub>h<\/sub>, pohon stroje p\u0159es v\u00fdvodovou h\u0159\u00eddel traktoru.<\/p>\n<p>Druhy adapt\u00e9r\u016f:<\/p>\n<ul>\n<li>pod\u0159ez\u00e1vac\u00ed n\u016f\u017e<\/li>\n<li>vyor\u00e1vac\u00ed n\u016f\u017e<\/li>\n<li>prutov\u00fd kyp\u0159i\u010d<\/li>\n<li>rota\u010dn\u00ed ple\u010dka a kyp\u0159i\u010d<\/li>\n<li>mezi\u0159\u00e1dkov\u00fd pod\u0159ez\u00e1va\u010d 1<\/li>\n<li>mezi\u0159\u00e1dkov\u00fd pod\u0159ez\u00e1va\u010d 2<\/li>\n<li>vyt\u0159\u00e1sac\u00ed ro\u0161t<\/li>\n<\/ul>\n<p>Z\u00e1kladn\u00ed technick\u00e9 parametry:<\/p>\n<table style=\"border-collapse: collapse; width: 100%; height: 315px;\">\n<tbody>\n<tr style=\"height: 21px;\">\n<td style=\"width: 33.3333%; height: 63px;\" rowspan=\"3\">Rozm\u011bry<\/td>\n<td style=\"width: 33.3333%; height: 21px;\">d\u00e9lka *<\/td>\n<td style=\"width: 33.3333%; height: 21px;\">1 080 &#8211; 2 800 mm<\/td>\n<\/tr>\n<tr style=\"height: 21px;\">\n<td style=\"width: 33.3333%; height: 21px;\">\u0161\u00ed\u0159ka<\/td>\n<td style=\"width: 33.3333%; height: 21px;\">2 080 mm<\/td>\n<\/tr>\n<tr style=\"height: 21px;\">\n<td style=\"width: 33.3333%; height: 21px;\">v\u00fd\u0161ka<\/td>\n<td style=\"width: 33.3333%; height: 21px;\">1 500 mm<\/td>\n<\/tr>\n<tr style=\"height: 21px;\">\n<td style=\"width: 33.3333%; height: 147px;\" rowspan=\"7\">Hmotnost<\/td>\n<td style=\"width: 33.3333%; height: 21px;\">s pod\u0159ez\u00e1vac\u00edm no\u017eem<\/td>\n<td style=\"width: 33.3333%; height: 21px;\">540 kg<\/td>\n<\/tr>\n<tr style=\"height: 21px;\">\n<td style=\"width: 33.3333%; height: 21px;\">s vyor\u00e1vac\u00edm no\u017eem<\/td>\n<td style=\"width: 33.3333%; height: 21px;\">590 kg<\/td>\n<\/tr>\n<tr style=\"height: 21px;\">\n<td style=\"width: 33.3333%; height: 21px;\">s prutov\u00fdm kyp\u0159i\u010dem<\/td>\n<td style=\"width: 33.3333%; height: 21px;\">615 kg<\/td>\n<\/tr>\n<tr style=\"height: 21px;\">\n<td style=\"width: 33.3333%; height: 21px;\">s rota\u010dn\u00ed ple\u010dkou a kyp\u0159i\u010dem<\/td>\n<td style=\"width: 33.3333%; height: 21px;\">680 kg<\/td>\n<\/tr>\n<tr style=\"height: 21px;\">\n<td style=\"width: 33.3333%; height: 21px;\">s mezi\u0159\u00e1dkov\u00fdm pod\u0159ez\u00e1va\u010dem<\/td>\n<td style=\"width: 33.3333%; height: 21px;\">1 710 kg<\/td>\n<\/tr>\n<tr style=\"height: 21px;\">\n<td style=\"width: 33.3333%; height: 21px;\">s mezi\u0159\u00e1dkov\u00fdm pod\u0159ez\u00e1va\u010dem<\/td>\n<td style=\"width: 33.3333%; height: 21px;\">2 690 kg<\/td>\n<\/tr>\n<tr style=\"height: 21px;\">\n<td style=\"width: 33.3333%; height: 21px;\">s vyt\u0159\u00e1sac\u00edm ro\u0161tem<\/td>\n<td style=\"width: 33.3333%; height: 21px;\">660 kg<\/td>\n<\/tr>\n<tr style=\"height: 21px;\">\n<td style=\"width: 33.3333%; height: 21px;\" colspan=\"2\">Max. p\u0159epravn\u00ed rychlost traktoru se strojem<\/td>\n<td style=\"width: 33.3333%; height: 21px;\">25 <sup>km<\/sup>\/<sub>h<\/sub><\/td>\n<\/tr>\n<tr style=\"height: 21px;\">\n<td style=\"width: 33.3333%; height: 21px;\" colspan=\"2\">Rychlost traktoru p\u0159i pr\u00e1ci se strojem<\/td>\n<td style=\"width: 33.3333%; height: 21px;\">1 &#8211; 2,5 <sup>km<\/sup>\/<sub>h<\/sub><\/td>\n<\/tr>\n<tr style=\"height: 21px;\">\n<td style=\"width: 33.3333%; height: 21px;\" colspan=\"2\">Svahov\u00e1 dostupnost pro UKT se strojem<\/td>\n<td style=\"width: 33.3333%; height: 21px;\">10 %<\/td>\n<\/tr>\n<tr style=\"height: 21px;\">\n<td style=\"width: 33.3333%; height: 21px;\" colspan=\"2\">Pracovn\u00ed ot\u00e1\u010dky v\u00fdvodov\u00e9ho h\u0159\u00eddele p\u0159i pr\u00e1ci&nbsp;<\/td>\n<td style=\"width: 33.3333%; height: 21px;\">max 250 <sup>ot<\/sup>\/<sub>min<\/sub><\/td>\n<\/tr>\n<\/tbody>\n<\/table>\n<p>* d\u00e9lka stroje je z\u00e1visl\u00e1 na typu pou\u017eit\u00e9ho adapt\u00e9ru.<\/p>\n<p>&nbsp;<\/p>\n","protected":false},"excerpt":{"rendered":"<p>Stroj pro lesn\u00ed \u0161kolky Chameleon (typ CHAM-2) je v z\u00e1kladn\u00edm proveden\u00ed ur\u010den k horizont\u00e1ln\u00edmu biologick\u00e9mu pod\u0159ez\u00e1v\u00e1n\u00ed ko\u0159enov\u00e9ho syst\u00e9mu semen\u00e1\u010dk\u016f a k podor\u00e1n\u00ed a uvoln\u011bn\u00ed sazenic p\u0159i jejich sklizni. Z\u00e1kladn\u00ed proveden\u00ed stroje Chameleon je mo\u017en\u00e9 stavebnicov\u011b doplnit o dva typy adapter\u016f [&hellip;]<\/p>\n","protected":false},"author":2,"featured_media":0,"parent":34,"menu_order":0,"comment_status":"closed","ping_status":"closed","template":"","meta":{"ngg_post_thumbnail":0,"footnotes":""},"class_list":["post-210","page","type-page","status-publish","hentry"],"_links":{"self":[{"href":"https:\/\/novy.vlkproject.cz\/index.php?rest_route=\/wp\/v2\/pages\/210","targetHints":{"allow":["GET"]}}],"collection":[{"href":"https:\/\/novy.vlkproject.cz\/index.php?rest_route=\/wp\/v2\/pages"}],"about":[{"href":"https:\/\/novy.vlkproject.cz\/index.php?rest_route=\/wp\/v2\/types\/page"}],"author":[{"embeddable":true,"href":"https:\/\/novy.vlkproject.cz\/index.php?rest_route=\/wp\/v2\/users\/2"}],"replies":[{"embeddable":true,"href":"https:\/\/novy.vlkproject.cz\/index.php?rest_route=%2Fwp%2Fv2%2Fcomments&post=210"}],"version-history":[{"count":2,"href":"https:\/\/novy.vlkproject.cz\/index.php?rest_route=\/wp\/v2\/pages\/210\/revisions"}],"predecessor-version":[{"id":212,"href":"https:\/\/novy.vlkproject.cz\/index.php?rest_route=\/wp\/v2\/pages\/210\/revisions\/212"}],"up":[{"embeddable":true,"href":"https:\/\/novy.vlkproject.cz\/index.php?rest_route=\/wp\/v2\/pages\/34"}],"wp:attachment":[{"href":"https:\/\/novy.vlkproject.cz\/index.php?rest_route=%2Fwp%2Fv2%2Fmedia&parent=210"}],"curies":[{"name":"wp","href":"https:\/\/api.w.org\/{rel}","templated":true}]}}