{"id":255,"date":"2020-05-18T21:34:57","date_gmt":"2020-05-18T19:34:57","guid":{"rendered":"http:\/\/novy.vlkproject.cz\/?page_id=255"},"modified":"2022-09-07T12:50:42","modified_gmt":"2022-09-07T10:50:42","slug":"lesnicke-navijaky","status":"publish","type":"page","link":"https:\/\/novy.vlkproject.cz\/?page_id=255","title":{"rendered":"Lesnick\u00e9 navij\u00e1ky"},"content":{"rendered":"<p>Lesnick\u00e9 navij\u00e1ky se pou\u017e\u00edvaj\u00ed pro p\u0159ibli\u017eov\u00e1n\u00ed d\u0159eva z m\u00edsta t\u011b\u017eby. Jsou v proveden\u00ed jednobubnov\u00e9 nebo dvoububnov\u00e9 s mo\u017enost\u00ed uchycen\u00ed do 3-bodov\u00e9ho z\u00e1v\u011bsu traktoru nebo ur\u010deny pro pevnou mont\u00e1\u017e.<\/p>\n<p><a href=\"http:\/\/novy.vlkproject.cz\/?page_id=423\">Navij\u00e1ky IGLAND<\/a><\/p>\n<p>IRUM<\/p>\n<p>DTN-4<\/p>\n<p>TUN 40<\/p>\n<p>&nbsp;<\/p>\n","protected":false},"excerpt":{"rendered":"<p>Lesnick\u00e9 navij\u00e1ky se pou\u017e\u00edvaj\u00ed pro p\u0159ibli\u017eov\u00e1n\u00ed d\u0159eva z m\u00edsta t\u011b\u017eby. Jsou v proveden\u00ed jednobubnov\u00e9 nebo dvoububnov\u00e9 s mo\u017enost\u00ed uchycen\u00ed do 3-bodov\u00e9ho z\u00e1v\u011bsu traktoru nebo ur\u010deny pro pevnou mont\u00e1\u017e. Navij\u00e1ky IGLAND IRUM DTN-4 TUN 40 &nbsp;<\/p>\n","protected":false},"author":2,"featured_media":0,"parent":36,"menu_order":20,"comment_status":"closed","ping_status":"closed","template":"","meta":{"ngg_post_thumbnail":0,"footnotes":""},"class_list":["post-255","page","type-page","status-publish","hentry"],"_links":{"self":[{"href":"https:\/\/novy.vlkproject.cz\/index.php?rest_route=\/wp\/v2\/pages\/255","targetHints":{"allow":["GET"]}}],"collection":[{"href":"https:\/\/novy.vlkproject.cz\/index.php?rest_route=\/wp\/v2\/pages"}],"about":[{"href":"https:\/\/novy.vlkproject.cz\/index.php?rest_route=\/wp\/v2\/types\/page"}],"author":[{"embeddable":true,"href":"https:\/\/novy.vlkproject.cz\/index.php?rest_route=\/wp\/v2\/users\/2"}],"replies":[{"embeddable":true,"href":"https:\/\/novy.vlkproject.cz\/index.php?rest_route=%2Fwp%2Fv2%2Fcomments&post=255"}],"version-history":[{"count":4,"href":"https:\/\/novy.vlkproject.cz\/index.php?rest_route=\/wp\/v2\/pages\/255\/revisions"}],"predecessor-version":[{"id":472,"href":"https:\/\/novy.vlkproject.cz\/index.php?rest_route=\/wp\/v2\/pages\/255\/revisions\/472"}],"up":[{"embeddable":true,"href":"https:\/\/novy.vlkproject.cz\/index.php?rest_route=\/wp\/v2\/pages\/36"}],"wp:attachment":[{"href":"https:\/\/novy.vlkproject.cz\/index.php?rest_route=%2Fwp%2Fv2%2Fmedia&parent=255"}],"curies":[{"name":"wp","href":"https:\/\/api.w.org\/{rel}","templated":true}]}}